*u**2 - 6*u. Let g be a(c). What is the highest common divisor of g and 28?
14
Suppose n = 2*y + 2*n + 7, -y - 5*n = -1. Let s = 8 - y. Let x = 43 - 25. Calculate the greatest common divisor of s and x.
6
Suppose 19*p = 7264 + 8468. What is the greatest common factor of p and 72?
36
Suppose 4*c - t = 8, 4*c + 0*t = -5*t + 8. Suppose 0 = -c*k + 16 + 30. What is the highest common divisor of 46 and k?
23
Let r = -154 - -93. Let c = r - -74. Calculate the highest common factor of c and 13.
13
Suppose -23*t = -3*h - 21*t + 18, -3*t = 0. Calculate the greatest common divisor of h and 390.
6
Let u = -1510 + 2139. Calculate the highest common factor of u and 17.
17
Suppose -f + 4*r - 24 = 0, 23 = -2*f + 3*r - 15. Let w = f + 18. Let k(o) = 9*o**2 + 2*o - 1. Let s be k(1). Calculate the highest common factor of s and w.
2
Let f(i) = -i + 2. Let v be f(-1). Suppose 5*m - 10*m = -5. Calculate the highest common divisor of v and m.
1
Let f = -35 + 45. Suppose -5*d - f = -x, -2*x - 20 = -4*x + d. Calculate the highest common factor of x and 110.
10
Suppose -655 = -y + 6*s - 3*s, 2*y - 1296 = -s. Calculate the highest common factor of 11 and y.
11
Suppose c + 3*c + 31 = -5*h, -13 = c + 3*h. Let q be 125 - (c - -2)/2. What is the highest common divisor of 18 and q?
18
Suppose -2*p + 344 = -r + 70, 410 = 3*p - 2*r. Calculate the highest common factor of p and 368.
46
Suppose -5*n = 2*z - 13, 4*z - 4*n - 1 = 11. Let s(p) = 26*p - 8. Let m be s(z). Calculate the highest common factor of 12 and m.
12
Suppose -505 = -5*l - 5*v, -2*v + 394 = -0*l + 4*l. Calculate the greatest common factor of l and 21.
3
Suppose 0 = -3*l - 2*k + 7018 + 660, 5*l - 4*k = 12826. Calculate the highest common factor of l and 21.
21
Let v = -4 + 7. Let s be ((-14)/v)/((-1)/((-135)/(-6))). Calculate the greatest common factor of s and 21.
21
Suppose 0 = -4*u + 2*u + 4. Let d be u/1 + (1 - -3). Suppose 295*p + 18 = 298*p. Calculate the greatest common factor of p and d.
6
Let c(p) = -35*p + 185. Let w be c(4). What is the greatest common factor of w and 465?
15
Suppose -5*y + 8*y = 12. Let o be ((-6)/y)/(3/(-2)). Let x be 9 + 0/(-3) + o. What is the highest common factor of x and 90?
10
Let m be ((-138)/6)/((-4)/28). What is the greatest common factor of m and 7?
7
Let j be (16/10)/(4/10). Let q(p) = p**3 - 6*p**2 - 11*p + 4. Let x be q(8). Calculate the greatest common factor of j and x.
4
Let q = -103 - -299. Calculate the greatest common divisor of q and 28.
28
Suppose -127*a - 5*t - 175 = -132*a, -5*a + 155 = -t. Calculate the greatest common factor of a and 1110.
30
Let f be (2/8)/((-9)/(-36)) + 1. What is the greatest common divisor of f and 32?
2
Let r be 102/(-12)*4/(-2). Suppose 6*p = 28*p - 2618. What is the greatest common factor of p and r?
17
Let f = 15 - 23. Let j be -16*((-12)/(-60))/(f/190). Calculate the greatest common divisor of 19 and j.
19
Let s(k) = 13*k - 22. Let q be s(6). Calculate the highest common factor of q and 32.
8
Let n(q) = 2*q**2 + 16*q - 57. Let l be n(-11). Let b(x) = x**2 - 3*x + 2. Let s be b(4). Calculate the highest common factor of l and s.
3
Let a = 13 + -25. Let y be a/4 + -2 + 13. Calculate the greatest common divisor of y and 40.
8
Suppose 5*h - 61 = 49. Let a = h - 19. Suppose 0 = -v + a, -2*n - 2*v + 21 = -1. What is the greatest common factor of 12 and n?
4
Let i be 42/(-5)*25/(-5). Let r = -120 - -280. Suppose 25 = 5*g, -5*d + r = 3*g + g. Calculate the highest common factor of i and d.
14
Let k = -484 + 694. What is the highest common divisor of 90 and k?
30
Suppose 301 = 5*a - 74. What is the greatest common divisor of a and 50?
25
Let i = -2175 - -2204. Calculate the highest common divisor of i and 928.
29
Let z(s) = -s**2 + 13*s + 47. Let k be z(13). Calculate the greatest common divisor of k and 752.
47
Suppose 3*x - x = 20. Let y be (2 + -13)*(2 - 1). Let g be y/4*(-44 - -4). Calculate the greatest common factor of x and g.
10
Suppose -4*k = -3*k - 136. Suppose 112*r - 143*r + 527 = 0. What is the highest common factor of r and k?
17
Let r = 52 - 52. Suppose -a + 3*a - 6 = r. What is the highest common divisor of a and 9?
3
Let h(l) = -l**2 + 6*l + 1. Let d be h(8). Let v be (-3)/d + (-558)/(-10). Calculate the greatest common factor of 7 and v.
7
Let m(x) = 0*x + 2 + 2 + 3*x - 15. Let a be m(8). What is the highest common factor of 117 and a?
13
Suppose 4*d = -5*g + 151, 18 = d + 7*g - 14. Calculate the greatest common factor of 65 and d.
13
Suppose s + 6*s = -273. Let a = s + 48. What is the greatest common factor of a and 27?
9
Suppose 37*r - 504 = 29*r. Calculate the greatest common divisor of 693 and r.
63
Let i = -162 + 266. Suppose 0 = 2*t + r - 29, -49 = -2*t - 4*r - 11. What is the highest common divisor of t and i?
13
Let d(a) = -2*a**2 - 24*a - 9. Suppose 5*j + 60 = 5. Let i be d(j). What is the highest common divisor of i and 91?
13
Let v = 510 - 418. Let b be -1 + 1 + 0 - -23. What is the greatest common divisor of b and v?
23
Let f(d) = -d**3 + 10*d**2 - 2*d + 23. Let r be f(10). Calculate the highest common divisor of 51 and r.
3
Suppose -2*v = -3*n - 31, -5*v + 2 + 59 = -2*n. Let s be 7/(1 + 0 + 0). Suppose s*m + 352 = 11*m. Calculate the highest common factor of m and v.
11
Let i(t) = -70*t - 403. Let p be i(-6). What is the highest common factor of p and 85?
17
Suppose 3*a = 8*a - 15. Suppose 5*p = a*p + 4. Suppose -42 = 56*l - 73 - 249. Calculate the greatest common divisor of l and p.
1
Suppose 0 = 5*f - 9*f - 1432. Let x = f + 576. Suppose -3*d + x = 2*v, 3*v + 2*v - 365 = -5*d. What is the greatest common factor of 18 and d?
18
Let d = -17 + 31. Let f be ((-20)/(-6))/((-64)/(-672)). Calculate the greatest common divisor of d and f.
7
Suppose 141 = 4*i + 3*j - 0*j, 69 = 2*i + j. Let m = -17 + 20. Calculate the greatest common factor of i and m.
3
Suppose 0*k - k + 4 = 5*c, -k - 14 = -4*c. Let d(r) = -3*r + 5*r**2 - r - 3 + 6*r. Let v be d(k). What is the highest common factor of v and 15?
15
Suppose -1309 = 4*m - 1881. What is the highest common divisor of m and 77?
11
Let m = 1282 + -892. Calculate the highest common divisor of 45 and m.
15
Suppose 4*k + 6 = 14. Suppose -4*h + 7*h - 33 = -k*i, -4*h - 2*i = -46. Calculate the highest common factor of 143 and h.
13
Let f = -8 + -3. Let b(a) = a**3 + 13*a**2 + 19*a - 9. Let r be b(f). Calculate the greatest common factor of r and 12.
12
Suppose j - 6*j = -30. Let m be (-315)/10*j/(-9). What is the highest common factor of m and 3?
3
Suppose -8 = 4*s, -3*s - 13 + 1 = -2*w. Suppose 0 = w*m - 4*m + 112. Suppose -j - j + 28 = 0. What is the greatest common divisor of m and j?
14
Suppose -3*i + i - 8 = 0. Let d be (-2)/8 - 25/i. Let u be 7*((-24)/(-14) + 0). What is the highest common factor of u and d?
6
Let d = -10 + 10. Suppose -4*b + 0*f = -2*f - 3224, d = -3*b - 3*f + 2418. Let y be (-4)/(-6) - b/(-6). Calculate the greatest common factor of y and 15.
15
Let j(a) = 3*a**2 + 17*a - 121. Let b be j(9). Calculate the greatest common factor of b and 110.
55
Suppose 145 = 2*q + 3*d - 36, 0 = 5*q - 3*d - 463. Let t = -47 + q. What is the highest common divisor of t and 9?
9
Let m = -50 + 46. Let f be ((-18)/4)/(m/48). What is the greatest common factor of f and 6?
6
Let y = -49 - -56. Let o(v) = v**2 - 7*v + 12. Let t be o(y). Calculate the greatest common factor of t and 15.
3
Let a be 8/12*3 - -3. Suppose 5*t = -3*p + 12 + 22, 0 = -t + a. Let h = 24 + -9. Calculate the highest common factor of h and p.
3
Let x be (148/(-18)*-3)/(2/3). Calculate the greatest common divisor of x and 185.
37
Suppose 3*w + 8*c - 3*c - 42 = 0, -5*w - 2*c = -70. Calculate the highest common factor of w and 1134.
14
Let c = -33 - 135. Let a be ((-1 - -2)*7)/((-28)/c). Calculate the highest common divisor of a and 105.
21
Let m(q) = -q**2 + 10*q - 9. Let l(z) = -13 - 4*z + 2 + 2 - 1. Let x be l(-4). Let u be m(x). Calculate the highest common divisor of 165 and u.
15
Let c = -1941 + 2039. Calculate the highest common divisor of 602 and c.
14
Let z(a) = -a - 91 + 83 + 2*a. Let r be z(17). Calculate the greatest common factor of 81 and r.
9
Suppose -439 = -g - 4*b, 2*b + 988 - 70 = 2*g. What is the greatest common divisor of g and 78?
13
Let z be (-5)/(-2)*(-180)/(-50). Let x be (24/z)/(2/